{"id":13218,"date":"2024-05-20T10:08:46","date_gmt":"2024-05-20T14:08:46","guid":{"rendered":"https:\/\/autoazulplusca.com\/puertoordaz\/?post_type=product&#038;p=13218"},"modified":"2026-03-20T16:25:17","modified_gmt":"2026-03-20T20:25:17","slug":"sensor-posicion-ciguenal-chery-arauca-x1","status":"publish","type":"product","link":"https:\/\/autoazulplusca.com\/puertoordaz\/product\/sensor-posicion-ciguenal-chery-arauca-x1\/","title":{"rendered":"Sensor Posici\u00f3n Cig\u00fce\u00f1al CHERY ARAUCA \/ X1 CHERY"},"content":{"rendered":"<p>Sensor Posici\u00f3n Cig\u00fce\u00f1al CHERY ARAUCA \/ X1 CHERY<\/p>\n<p>COD 07644<\/p>\n<p>S21-3611021<\/p>\n<p>A70<\/p>\n","protected":false},"excerpt":{"rendered":"<p>Sensor Posici\u00f3n Cig\u00fce\u00f1al CHERY ARAUCA \/ X1<\/p>\n<p>COD 07644<\/p>\n<p>S21-3611021<\/p>\n","protected":false},"featured_media":46948,"template":"","meta":[],"product_cat":[356,421],"product_tag":[271,227],"class_list":{"0":"post-13218","1":"product","2":"type-product","3":"status-publish","4":"has-post-thumbnail","6":"product_brand-chery","7":"product_cat-carro","8":"product_cat-partes-electricas-carro","9":"product_tag-sensor","10":"product_tag-sensor-ciguenal","12":"first","13":"outofstock","14":"taxable","15":"shipping-taxable","16":"purchasable","17":"product-type-simple"},"jetpack_sharing_enabled":true,"_links":{"self":[{"href":"https:\/\/autoazulplusca.com\/puertoordaz\/wp-json\/wp\/v2\/product\/13218","targetHints":{"allow":["GET"]}}],"collection":[{"href":"https:\/\/autoazulplusca.com\/puertoordaz\/wp-json\/wp\/v2\/product"}],"about":[{"href":"https:\/\/autoazulplusca.com\/puertoordaz\/wp-json\/wp\/v2\/types\/product"}],"wp:featuredmedia":[{"embeddable":true,"href":"https:\/\/autoazulplusca.com\/puertoordaz\/wp-json\/wp\/v2\/media\/46948"}],"wp:attachment":[{"href":"https:\/\/autoazulplusca.com\/puertoordaz\/wp-json\/wp\/v2\/media?parent=13218"}],"wp:term":[{"taxonomy":"product_cat","embeddable":true,"href":"https:\/\/autoazulplusca.com\/puertoordaz\/wp-json\/wp\/v2\/product_cat?post=13218"},{"taxonomy":"product_tag","embeddable":true,"href":"https:\/\/autoazulplusca.com\/puertoordaz\/wp-json\/wp\/v2\/product_tag?post=13218"}],"curies":[{"name":"wp","href":"https:\/\/api.w.org\/{rel}","templated":true}]}}