{"id":14583,"date":"2024-05-29T12:02:46","date_gmt":"2024-05-29T16:02:46","guid":{"rendered":"https:\/\/autoazulplusca.com\/puertoordaz\/?post_type=product&#038;p=14583"},"modified":"2025-10-21T13:48:12","modified_gmt":"2025-10-21T17:48:12","slug":"polea-ciguenal-hyundai-elantra-00-06","status":"publish","type":"product","link":"https:\/\/autoazulplusca.com\/puertoordaz\/product\/polea-ciguenal-hyundai-elantra-00-06\/","title":{"rendered":"POLEA O DAMPER CIGUE\u00d1AL  HYUNDAI ELANTRA (00-06) EXACT"},"content":{"rendered":"<p>DAMPER Cig\u00fce\u00f1al HYUNDAI ELANTRA (00-06) EXACT<\/p>\n<p>COD 59336<\/p>\n<p>23124-23510<\/p>\n<p>2312433111<\/p>\n","protected":false},"excerpt":{"rendered":"<p>Polea Cig\u00fce\u00f1al HYUNDAI ELANTRA (2000-2001-2002-2003-2004-2005-2006) EXACT<\/p>\n<p>COD 59336<\/p>\n<p>23124-23510<\/p>\n","protected":false},"featured_media":0,"template":"","meta":[],"product_cat":[356,443],"product_tag":[211,436],"class_list":{"0":"post-14583","1":"product","2":"type-product","3":"status-publish","5":"product_brand-exact","6":"product_cat-carro","7":"product_cat-motor","8":"product_tag-ciguenal","9":"product_tag-polea","11":"first","12":"outofstock","13":"taxable","14":"shipping-taxable","15":"purchasable","16":"product-type-simple"},"jetpack_sharing_enabled":true,"_links":{"self":[{"href":"https:\/\/autoazulplusca.com\/puertoordaz\/wp-json\/wp\/v2\/product\/14583","targetHints":{"allow":["GET"]}}],"collection":[{"href":"https:\/\/autoazulplusca.com\/puertoordaz\/wp-json\/wp\/v2\/product"}],"about":[{"href":"https:\/\/autoazulplusca.com\/puertoordaz\/wp-json\/wp\/v2\/types\/product"}],"wp:attachment":[{"href":"https:\/\/autoazulplusca.com\/puertoordaz\/wp-json\/wp\/v2\/media?parent=14583"}],"wp:term":[{"taxonomy":"product_cat","embeddable":true,"href":"https:\/\/autoazulplusca.com\/puertoordaz\/wp-json\/wp\/v2\/product_cat?post=14583"},{"taxonomy":"product_tag","embeddable":true,"href":"https:\/\/autoazulplusca.com\/puertoordaz\/wp-json\/wp\/v2\/product_tag?post=14583"}],"curies":[{"name":"wp","href":"https:\/\/api.w.org\/{rel}","templated":true}]}}