{"id":18581,"date":"2024-06-29T15:20:33","date_gmt":"2024-06-29T19:20:33","guid":{"rendered":"https:\/\/autoazulplusca.com\/puertoordaz\/?post_type=product&#038;p=18581"},"modified":"2025-12-04T17:30:26","modified_gmt":"2025-12-04T21:30:26","slug":"sensor-posicion-de-ciguenal-avioncito-jeep-grand-cherokee-xj-4-0-mhw","status":"publish","type":"product","link":"https:\/\/autoazulplusca.com\/puertoordaz\/product\/sensor-posicion-de-ciguenal-avioncito-jeep-grand-cherokee-xj-4-0-mhw\/","title":{"rendered":"SENSOR POSICION DE CIG\u00dcE\u00d1AL (AVIONCITO) JEEP GRAND CHEROKEE XJ 4.0 MHW"},"content":{"rendered":"<p>SENSOR POSICION DE CIG\u00dcE\u00d1AL (AVIONCITO) JEEP GRAND CHEROKEE XJ 4.0 MHW<\/p>\n<p>CH-56027866AC<\/p>\n<p>COD. 027866<\/p>\n","protected":false},"excerpt":{"rendered":"<p>SENSOR POSICION DE CIG\u00dcE\u00d1AL (AVIONCITO) JEEP GRAND CHEROKEE XJ 4.0 MHW<\/p>\n<p>CH-56027866AC<\/p>\n<p>COD. 027866<\/p>\n","protected":false},"featured_media":84620,"template":"","meta":[],"product_cat":[356,421],"product_tag":[889],"class_list":{"0":"post-18581","1":"product","2":"type-product","3":"status-publish","4":"has-post-thumbnail","6":"product_brand-mhw","7":"product_cat-carro","8":"product_cat-partes-electricas-carro","9":"product_tag-sensor-posicion-ciguenal","11":"first","12":"instock","13":"taxable","14":"shipping-taxable","15":"purchasable","16":"product-type-simple"},"jetpack_sharing_enabled":true,"_links":{"self":[{"href":"https:\/\/autoazulplusca.com\/puertoordaz\/wp-json\/wp\/v2\/product\/18581","targetHints":{"allow":["GET"]}}],"collection":[{"href":"https:\/\/autoazulplusca.com\/puertoordaz\/wp-json\/wp\/v2\/product"}],"about":[{"href":"https:\/\/autoazulplusca.com\/puertoordaz\/wp-json\/wp\/v2\/types\/product"}],"wp:featuredmedia":[{"embeddable":true,"href":"https:\/\/autoazulplusca.com\/puertoordaz\/wp-json\/wp\/v2\/media\/84620"}],"wp:attachment":[{"href":"https:\/\/autoazulplusca.com\/puertoordaz\/wp-json\/wp\/v2\/media?parent=18581"}],"wp:term":[{"taxonomy":"product_cat","embeddable":true,"href":"https:\/\/autoazulplusca.com\/puertoordaz\/wp-json\/wp\/v2\/product_cat?post=18581"},{"taxonomy":"product_tag","embeddable":true,"href":"https:\/\/autoazulplusca.com\/puertoordaz\/wp-json\/wp\/v2\/product_tag?post=18581"}],"curies":[{"name":"wp","href":"https:\/\/api.w.org\/{rel}","templated":true}]}}